d 4130.
70
Calculate the greatest common divisor of 4650 and 108.
6
Calculate the highest common divisor of 225 and 2655.
45
Calculate the greatest common factor of 987 and 89394.
141
What is the highest common divisor of 3245 and 35?
5
Calculate the greatest common divisor of 544 and 5746.
34
What is the highest common factor of 8473110 and 730?
730
What is the greatest common divisor of 4040 and 299768?
808
What is the highest common divisor of 1089385 and 4785?
1595
Calculate the highest common divisor of 224 and 92596.
28
What is the highest common divisor of 12588 and 16?
4
Calculate the greatest common divisor of 74739 and 84.
21
Calculate the highest common divisor of 72 and 64845.
9
Calculate the greatest common factor of 750 and 23550.
150
Calculate the greatest common factor of 3284 and 8276.
4
What is the highest common factor of 469 and 224?
7
What is the greatest common factor of 20 and 281360?
20
Calculate the greatest common divisor of 1896 and 491696.
632
What is the greatest common factor of 189 and 865674?
27
Calculate the highest common divisor of 2891896 and 24.
8
What is the highest common factor of 8634518 and 116?
58
What is the highest common divisor of 2054654 and 14?
14
What is the greatest common factor of 13659 and 2355?
471
What is the greatest common divisor of 136 and 9996?
68
Calculate the highest common divisor of 180 and 94140.
180
What is the highest common divisor of 2769 and 213?
213
Calculate the greatest common factor of 29882 and 1206.
134
Calculate the greatest common factor of 34688 and 2439.
271
What is the greatest common divisor of 193477 and 31747?
599
What is the highest common factor of 208 and 36504?
104
Calculate the highest common divisor of 70065 and 4275.
45
What is the highest common divisor of 108 and 100926?
54
Calculate the highest common divisor of 1368 and 133608.
456
What is the highest common factor of 342 and 10412?
38
Calculate the highest common factor of 4747 and 1786.
47
Calculate the greatest common factor of 1722 and 523201.
287
Calculate the highest common factor of 164 and 149445.
41
What is the greatest common factor of 52 and 342498?
26
What is the highest common factor of 92114 and 14773?
869
Calculate the highest common factor of 119884 and 86.
86
Calculate the highest common divisor of 4142 and 2398.
218
Calculate the highest common factor of 168 and 180810.
42
Calculate the highest common factor of 115404 and 13452.
708
What is the greatest common divisor of 4398 and 10872?
6
What is the highest common factor of 2426081 and 889?
889
Calculate the greatest common divisor of 2756126 and 118.
118
What is the greatest common divisor of 28086 and 1488?
186
Calculate the highest common divisor of 77441 and 644.
161
What is the highest common divisor of 3020 and 140?
20
Calculate the highest common divisor of 54 and 2015298.
18
What is the greatest common factor of 5585 and 1045512?
1117
Calculate the highest common divisor of 3534 and 442339.
589
What is the highest common factor of 3309277 and 29?
29
What is the greatest common divisor of 90 and 214060?
10
What is the highest common divisor of 14134 and 4966?
382
Calculate the greatest common divisor of 11502513 and 297.
297
Calculate the highest common divisor of 193186 and 7.
7
What is the greatest common divisor of 4539 and 8900?
89
What is the greatest common factor of 1680 and 516720?
240
Calculate the greatest common divisor of 1957 and 1273.
19
What is the greatest common factor of 376008 and 408?
24
Calculate the highest common divisor of 83 and 555353.
83
What is the highest common divisor of 480 and 330?
30
Calculate the highest common factor of 31882 and 171.
19
Calculate the greatest common factor of 120 and 29175.
15
Calculate the highest common divisor of 513 and 34219.
19
Calculate the greatest common divisor of 2590 and 4235.
35
What is the highest common factor of 1469062 and 14?
14
What is the greatest common divisor of 184665 and 104?
13
What is the greatest common divisor of 2120 and 3580?
20
Calculate the highest common divisor of 176 and 310736.
16
What is the highest common factor of 33592 and 13091?
247
Calculate the greatest common factor of 39 and 6513663.
39
Calculate the highest common divisor of 46556 and 100116.
412
What is the highest common factor of 770 and 2086?
14
Calculate the greatest common divisor of 1899 and 279.
9
Calculate the highest common divisor of 672568 and 29.
29
Calculate the highest common divisor of 72924 and 1062.
354
What is the greatest common divisor of 12446 and 294?
98
Calculate the greatest common divisor of 800109 and 171.
171
What is the greatest common divisor of 22922 and 26690?
314
Calculate the greatest common divisor of 2432 and 418.
38
What is the greatest common factor of 1870 and 35?
5
What is the greatest common factor of 616 and 5656?
56
Calculate the greatest common factor of 142020 and 3780.
540
What is the greatest common factor of 4590350 and 25?
25
What is the highest common divisor of 920108 and 6188?
476
What is the greatest common divisor of 1 and 7065?
1
What is the greatest common factor of 18 and 1578?
6
What is the greatest common factor of 439524 and 17748?
1044
Calculate the highest common divisor of 5923820 and 1995.
665
What is the highest common factor of 180 and 203508?
36
What is the greatest common divisor of 255 and 188445?
255
What is the greatest common divisor of 931752 and 216?
72
Calculate the highest common factor of 11577 and 255.
51
What is the greatest common divisor of 194783 and 5450?
109
What is the greatest common factor of 14508 and 8370?
558
Calculate the greatest common divisor of 22 and 365101.
11
Calculate the greatest common divisor of 1250 and 2450.
50
Calculate the greatest common divisor of 204 and 24718.
34
What is the highest common factor of 23730830 and 610?
610
Calculate the highest common divisor of 540453 and 5781.
141
What is the greatest common factor of 227125 and 23?
23
What is the greatest common divisor of 3857 and 6293?
203
Calculate the highest common divisor of 20751 and 6.
3
What is the greatest common factor of 366 and 150243?
183
Calculate the greatest common divisor of 2125302 and 114.
114
Calculate the highest common factor of 28259 and 2695.
77
What is the highest common factor of 345 and 1845?
15
Calculate the highest common divisor of 516832 and 248.
248
Calculate the greatest common factor of 224880 and 72.
24
Calculate the greatest common divisor of 166653 and 18.
9
What is the greatest common factor of 1188 and 2420?
44
Calculate the highest common factor of 2566800 and 92.
92
Calculate the greatest common factor of 218 and 352942.
218
What is the highest common divisor of 504 and 9156?
84
Calculate the highest common divisor of 35984 and 624.
208
Calculate the highest common factor of 197015 and 5915.
455
Calculate the greatest common divisor of 3840 and 25.
5
Calculate the greatest common factor of 136 and 81736.
136
Calculate the highest common divisor of 1484 and 160643.
371
Calculate the highest common divisor of 357 and 45543.
51
What is the greatest common factor of 38550 and 600?
150
What is the highest common divisor of 3888 and 324432?
432
What is the greatest common divisor of 1662486 and 276?
138
Calculate the highest common factor of 61913 and 303.
101
What is the greatest common divisor of 28290 and 35?
5
Calculate the greatest common factor of 2496 and 3180.
12
Calculate the greatest common factor of 252 and 279909.
63
Calculate the highest common factor of 192 and 301536.
96
Calculate the greatest common divisor of 340 and 403495.
85
Calculate the greatest common factor of 62895 and 45.
15
What is the highest common divisor of 600281 and 451?
451
Calculate the greatest common factor of 2442 and 784326.
222
What is the greatest common factor of 108 and 1546884?
108
Calculate the greatest common divisor of 6587225 and 50.
25
What is the greatest common factor of 2751 and 420?
21
Calculate the highest common divisor of 39 and 163865.
13
Calculate the highest common divisor of 41439 and 18.
3
What is the highest common factor of 165 and 1665?
15
What is the highest common factor of 235892 and 68?
68
What is the greatest common divisor of 145222 and 246?
82
What is the 